me factors of 36311.
11, 3301
What are the prime factors of 32184611?
32184611
List the prime factors of 14126523.
3, 4708841
List the prime factors of 2973248.
2, 46457
What are the prime factors of 816399?
3, 10079
What are the prime factors of 86617?
37, 2341
List the prime factors of 263312.
2, 7, 2351
What are the prime factors of 811139?
7, 115877
List the prime factors of 4852439.
37, 313, 419
List the prime factors of 363423.
3, 23, 229
List the prime factors of 2868048.
2, 3, 2213
What are the prime factors of 605766?
2, 3, 7, 14423
List the prime factors of 121688.
2, 7, 41, 53
What are the prime factors of 187654?
2, 93827
List the prime factors of 3471543.
3, 499, 773
What are the prime factors of 138671?
13, 10667
List the prime factors of 1154006.
2, 7, 31, 2659
What are the prime factors of 10757?
31, 347
What are the prime factors of 2400018?
2, 3, 269, 1487
List the prime factors of 495796.
2, 7, 17707
What are the prime factors of 288835?
5, 61, 947
List the prime factors of 1061.
1061
List the prime factors of 15155847.
3, 7, 34367
What are the prime factors of 1480124?
2, 47, 7873
List the prime factors of 560161.
7, 43, 1861
List the prime factors of 337927.
181, 1867
What are the prime factors of 393055?
5, 13, 6047
List the prime factors of 312990.
2, 3, 5, 10433
What are the prime factors of 17596956?
2, 3, 13, 8677
List the prime factors of 103169.
11, 83, 113
List the prime factors of 16086422.
2, 11, 731201
What are the prime factors of 3361225?
5, 7, 19207
What are the prime factors of 33253402?
2, 7, 13, 182711
What are the prime factors of 8975573?
2797, 3209
What are the prime factors of 297987?
3, 71, 1399
What are the prime factors of 2410876?
2, 13, 71, 653
List the prime factors of 3023009.
11, 199, 1381
What are the prime factors of 39649429?
97, 151, 2707
List the prime factors of 9705621.
3, 3235207
List the prime factors of 217929.
3, 72643
What are the prime factors of 75249?
3, 929
What are the prime factors of 2902321?
2902321
What are the prime factors of 3698717?
11, 336247
What are the prime factors of 617014?
2, 308507
List the prime factors of 92214.
2, 3, 47, 109
List the prime factors of 132478.
2, 66239
List the prime factors of 303507.
3, 1249
What are the prime factors of 934848?
2, 3, 541
What are the prime factors of 28666678?
2, 229, 62591
List the prime factors of 22959038.
2, 11479519
List the prime factors of 72803.
47, 1549
What are the prime factors of 1973886?
2, 3, 328981
What are the prime factors of 208379?
208379
What are the prime factors of 223896?
2, 3, 19, 491
What are the prime factors of 2851577?
19, 150083
List the prime factors of 227003.
7, 32429
What are the prime factors of 203287?
7, 113, 257
What are the prime factors of 123659?
31, 3989
List the prime factors of 362459.
362459
List the prime factors of 38727690.
2, 3, 5, 1290923
What are the prime factors of 8252385?
3, 5, 29, 61, 311
List the prime factors of 2180232.
2, 3, 107, 283
List the prime factors of 28373823.
3, 89, 35423
What are the prime factors of 571489?
17, 33617
List the prime factors of 994853.
994853
List the prime factors of 19967360.
2, 5, 7, 4457
List the prime factors of 236933.
31, 7643
What are the prime factors of 2708337?
3, 41, 97, 227
What are the prime factors of 1073198?
2, 7, 47, 233
What are the prime factors of 1532659?
1532659
List the prime factors of 2845894.
2, 61, 23327
List the prime factors of 296879.
11, 137, 197
List the prime factors of 485781.
3, 193, 839
What are the prime factors of 1040806?
2, 13, 40031
What are the prime factors of 438273?
3, 11, 19, 233
List the prime factors of 1535262.
2, 3, 255877
List the prime factors of 3691398.
2, 3, 615233
List the prime factors of 8794281.
3, 2931427
List the prime factors of 28685766.
2, 3, 17, 281233
List the prime factors of 22763.
13, 17, 103
List the prime factors of 19464621.
3, 11, 31, 53, 359
List the prime factors of 7067990.
2, 5, 41, 17239
What are the prime factors of 4975142?
2, 2487571
What are the prime factors of 5111?
19, 269
What are the prime factors of 4001142?
2, 3, 666857
What are the prime factors of 455381?
455381
List the prime factors of 22446583.
1789, 12547
What are the prime factors of 2171459?
283, 7673
List the prime factors of 351291.
3, 19, 6163
What are the prime factors of 707857?
707857
List the prime factors of 1364395.
5, 272879
What are the prime factors of 20446716?
2, 3, 17, 73, 1373
What are the prime factors of 167512?
2, 20939
List the prime factors of 2535555.
3, 5, 11, 127
What are the prime factors of 124820?
2, 5, 79
List the prime factors of 9216925.
5, 29, 12713
What are the prime factors of 19623370?
2, 5, 13, 23, 6563
What are the prime factors of 132001?
132001
What are the prime factors of 2276442?
2, 3, 7, 29, 89
What are the prime factors of 82310?
2, 5, 8231
What are the prime factors of 815376?
2, 3, 16987
What are the prime factors of 1499043?
3, 7, 13, 17, 19
What are the prime factors of 64358?
2, 7, 4597
What are the prime factors of 351450?
2, 3, 5, 11, 71
What are the prime factors of 427564?
2, 139, 769
What are the prime factors of 3309154?
2, 19, 87083
List the prime factors of 2810895.
3, 5, 187393
What are the prime factors of 4733914?
2, 2366957
What are the prime factors of 474012?
2, 3, 7, 11, 19
What are the prime factors of 398574?
2, 3, 11, 61
What are the prime factors of 293186?
2, 47, 3119
What are the prime factors of 152908?
2, 7, 43, 127
What are the prime factors of 17989789?
19, 587, 1613
List the prime factors of 11363715.
3, 5, 11, 2087
List the prime factors of 3010052.
2, 752513
What are the prime factors of 1554464?
2, 31, 1567
List the prime factors of 785578.
2, 101, 3889
List the prime factors of 636276.
2, 3, 17, 3119
What are the prime factors of 64415?
5, 13, 991
List the prime factors of 4559484.
2, 3, 53, 67, 107
What are the prime factors of 24284?
2, 13, 467
What are the prime factors of 7272820?
2, 5, 19, 19139
List the prime factors of 18682874.
2, 7, 1334491
What are the prime factors of 16953866?
2, 8476933
What are the prime factors of 9556394?
2, 4778197
What are the prime factors of 14956776?
2, 3, 43, 4831
What are the prime factors of 210257?
210257
List the prime factors of 18807178.
2, 13, 723353
List the prime factors of 580574.
2, 331, 877
What are the prime factors of 5097056?
2, 47, 3389
List the prime factors of 4629566.
2, 67, 34549
What are the prime factors of 374871?
3, 7, 17851
What are the prime factors of 379095?
3, 5, 127, 199
What are the prime factors of 125728?
2, 3929
List the prime factors of 86626.
2, 43313
List the prime factors of 12281096.
2, 1535137
List the prime factors of 87728.
2, 5483
What are the prime factors of 7746727?
37, 209371
What are the prime factors of 473870?
2, 5, 47387
What are the prime factors of 9314282?
2, 4657141
List the prime factors of 59323.
11, 5393
List the prime factors of 103661.
23, 4507
What are the prime factors of 7533341?
31, 243011
What are the prime factors of 151880?
2, 5, 3797
List the prime factors of 706295.
5, 29, 4871
What are the prime factors of 1462701?
3, 73, 6679
What are the prime factors of 1134160?
2, 5, 14177
List the prime factors of 70377.
3, 23459
What are the prime factors of 970572?
2, 3, 29, 2789
List the prime factors of 4802159.
73, 157, 419
What are the prime factors of 335723?
113, 2971
What are the prime factors of 731134?
2, 365567
What are the prime factors of 15903414?
2, 3, 37, 23879
What are the prime factors of 4516133?
4516133
List the prime factors of 1571828.
2, 392957
List the prime factors of 3990142.
2, 13, 43, 83
What are the prime factors of 1928675?
5, 7, 103, 107
What are the prime factors of 2530219?
61, 41479
What are the prime factors of 2798495?
5, 7, 37, 2161
List the prime factors of 435811.
107, 4073
What are the prime factors of 118165?
5, 23633
What are the prime factors of 6633255?
3, 5, 442217
List the prime factors of 16593131.
37, 277, 1619
What are the prime factors of 19511405?
5, 67, 58243
What are the prime factors of 15485198?
2, 17, 73, 367
List the prime factors of 12186619.
19, 23, 79, 353
What are the prime factors of 7948306?
2, 443, 8971
What are the prime factors of 294977?
97, 3041
Lis